-2). Let n = 49 + c. Is n a composite number?
False
Let k = -46 + 5. Is (k/(-2))/(8/112) a composite number?
True
Suppose u + 4*u = 470. Suppose 4*q = k + 546 + u, -4*q + 4*k = -628. Is q composite?
True
Suppose 5*m = -2*r + 49, 2*m + 0*r - 3*r - 12 = 0. Let y(f) = -f**2 + 12*f + 10. Is y(m) a composite number?
False
Let i(h) = -5*h**3 - 6*h**3 - 3*h**3 + 6 - 3*h**2 + 15*h**3 - 4*h. Is i(4) a composite number?
True
Suppose -2*w + 485 + 327 = 2*p, 0 = w - 2*p - 418. Suppose 5*k - w = -0*k. Is k a composite number?
True
Let x = -387 - -706. Is x a prime number?
False
Is (-276171)/(-91) - 2/(-13) a prime number?
False
Let l = -15 + 25. Let x be 8/l*(-45)/(-2). Suppose -s + 167 = x. Is s a prime number?
True
Let f = 4 + 3. Is f composite?
False
Let u(o) = -o**2 + o + 1. Let a be u(2). Let s(c) = 318*c**2 - c. Is s(a) prime?
False
Let n be -2 + 3 - (1 + 8). Is (764/n)/((-3)/6) a prime number?
True
Suppose -2*i - 20 = 5*w + 3*i, -3*i - 17 = 4*w. Let b(x) = 4*x**2 + 7*x + 4. Is b(w) a prime number?
False
Suppose -2 = u - 4. Let y be 2/u + -1 + 20. Let o = 43 - y. Is o a prime number?
True
Suppose 5*c - 4034 = 1121. Is c a composite number?
False
Let k(z) = z**2 + 4*z - 3. Let j be k(-5). Suppose -j*y = -2*t - 70, -4*y + 138 = -0*y - 5*t. Is y a prime number?
True
Suppose 3*r + 16 = 7*r. Suppose r*l + 2*p = 10, -l + 4 + 6 = -p. Suppose -207 - 58 = -l*z. Is z composite?
False
Suppose -5*o - 11 = f - 4*f, -7 = -2*o + 5*f. Let h(a) = 4*a**2 + 2 - 1 - a - 2*a. Is h(o) a prime number?
False
Suppose -k - 387 = -2*b, -2*b = 3*k - 270 - 97. Is b prime?
True
Suppose -2*q - 2*k + 0*k = -758, -2*q + 5*k + 779 = 0. Is q composite?
True
Suppose -l - 2*l = -15. Suppose l*v + 1 = 21. Suppose -g + 455 = v*g. Is g a composite number?
True
Suppose -n + 1470 = 4*p - 9*p, 0 = -4*n + 5*p + 5865. Is n composite?
True
Suppose 3*v = 2*l - 182, l - 307 = -2*l - 4*v. Is l a composite number?
False
Suppose -4*u + 164 = 2*c + u, -246 = -3*c - 5*u. Let t = -25 + c. Let l = t - 2. Is l a composite number?
True
Is (-2)/(-6)*(1705 - 10) a prime number?
False
Suppose -13*r - 1082 = -15*r. Is r a prime number?
True
Let m = -13 + 17. Suppose -449 + 136 = -t - m*h, -2*t = 5*h - 611. Is t prime?
True
Suppose 5*s + 7*z - 848 = 3*z, -s + 2*z = -164. Suppose 4*t - 5*m - s = 0, -3*t + 131 = -0*t - 5*m. Is t composite?
False
Let z be (-3 - -4)/(1/5). Suppose z*p - 58 = -13. Suppose 0*v + p = x - 2*v, 3*x - 41 = -v. Is x a prime number?
True
Is 2 + (-2)/(-2)*-1 + 330 a composite number?
False
Suppose 5*y - 2*y + 6 = 0. Is 192 + (y - -3)*-1 prime?
True
Let h(w) = -104*w + 3. Let r(o) = -69*o + 2. Let i(q) = 5*h(q) - 8*r(q). Is i(1) composite?
False
Let a(i) = 3*i + 2. Let p be a(4). Suppose w + 3 + 0 = 2*t, -p = -t + 3*w. Let o(y) = 11*y**2. Is o(t) prime?
True
Let v = 8 + -14. Is (-286)/v + (-4)/6 a prime number?
True
Suppose -o - 12 = 2*o. Let w(s) = 10*s**2 + 4*s + 2. Let u be w(o). Suppose -a + 15 = -u. Is a a prime number?
False
Suppose -3*h + 23 = -2*k, -3*k + 13 = h + 4*h. Let g(x) = x**3 - 5*x**2 + 4. Let q be g(h). Suppose q*t - 82 = -2*f, -6*t + t = f - 44. Is f prime?
False
Let r(j) = 3*j**2 + 5*j - 5. Let i be r(5). Suppose -5*s = -300 - i. Is s composite?
False
Let r(k) = -k**3 - 7*k**2 - 2*k - 3. Let c be r(-3). Let g = c - -48. Is g composite?
True
Suppose k = 2*v + 9, -3*v - 29 = 3*k - 11. Is (-65)/(-2)*(v - -7) a composite number?
True
Let v = -143 + 220. Is v composite?
True
Suppose -2*c - 2*h = -574, -366 = -3*c - 2*h + 491. Suppose -2*y = 2, -2*y - c = -2*r + 325. Is r prime?
False
Let n(u) = u**3 + 7*u**2 + 7*u + 7. Let v be n(-6). Is (191/2)/(v/2) prime?
True
Let k = 808 + -525. Suppose 3*q - 7*x = -3*x + 251, 0 = -4*q - 5*x + k. Is q composite?
True
Suppose 3*l + 3*a = -2*a - 21, 0 = -2*a. Let m be 2/7 - (-37)/l. Let i(o) = -5*o. Is i(m) a composite number?
True
Let d be ((-26)/6)/((-2)/30). Suppose -7*w = -3*w + 88. Let t = d + w. Is t a prime number?
True
Suppose 0 = f - 6*f + 1315. Is f a composite number?
False
Suppose k = -2*k + 1401. Is k prime?
True
Suppose -5 = -d + 6. Suppose -3*q - 2*u + 1037 = 0, -1022 - d = -3*q - 4*u. Is q a prime number?
True
Let y(c) = c**2 - 6*c - 13. Let z(a) = a**2 - 6*a - 14. Let k(x) = -4*y(x) + 3*z(x). Let o be k(7). Is (5/4)/(o/276) a composite number?
True
Let j(t) = -t**3 - 6*t**2 - 6*t - 2. Let g be j(-5). Let s(q) = 32*q - 3. Is s(g) a prime number?
False
Let d(g) = 313*g - 6. Is d(5) composite?
False
Let a be 5/(-15) - 1/(-3). Let j(z) = -3*z + 515. Is j(a) prime?
False
Suppose k + 10 = -38. Let q = 97 + k. Is q composite?
True
Suppose -5*q = -0*q - 5, 2*q = 3*f - 1621. Is f a prime number?
True
Suppose -1336 = -5*m - 281. Is m a composite number?
False
Let r(f) = -182*f - 7. Is r(-4) a prime number?
False
Let i(g) be the second derivative of g**4/12 - 4*g**3/3 + 3*g**2/2 - g. Let k be i(-6). Suppose k = 2*h - 159. Is h a composite number?
True
Let f(g) = 31*g**2 + 2*g + 2. Let i be 5/(-2) - 3/(-6). Let r be f(i). Suppose 0 = 3*y - r - 109. Is y composite?
True
Let t(q) = -q**3 + 3. Let n be t(0). Suppose n*r - 15 = 4*p + 11, -4*p - 20 = 0. Suppose r*l = 277 + 45. Is l a composite number?
True
Is 249 - -3 - (-3)/(-3) prime?
True
Suppose -2*r = -6*r + 228. Suppose 3*j = 14 - 2. Suppose -3*a = -j*a + r. Is a composite?
True
Let k(s) = -s**3 - 13*s**2 - 2*s + 1. Let p be k(-9). Let j = -147 - p. Is j a composite number?
True
Let n(w) = -65*w**2 - 2*w + 1. Let p be n(1). Let k = -96 - p. Let c = k - -79. Is c prime?
False
Suppose 2*a - 15 = -3*a. Suppose a*u = -u + 88. Is u a prime number?
False
Let f(d) be the first derivative of 4*d**3/3 + 3*d**2/2 - d - 5. Is f(-4) a prime number?
False
Suppose -h - h = 2*w, 2*h - 14 = 5*w. Suppose h*l = l + 25. Is l a prime number?
False
Let j(v) = v**2 + 4*v - 9. Let g be j(-5). Let h(w) = 9*w**2 + 4*w + 3. Is h(g) a composite number?
False
Suppose 3*i - 8 = 2*c, 3*i = 5*c + 18 - 7. Let o = 1 - c. Suppose o*p - 81 = -11. Is p a composite number?
True
Suppose -5*h = -0*h - m - 6534, 8 = -2*m. Is h a composite number?
True
Suppose -8*v + 5*v = -381. Is v a prime number?
True
Let f(p) = 445*p**3 - p**2 + 2*p - 1. Is f(1) prime?
False
Suppose 5*o + 162 = 3*b + 538, -4*o - 4*b = -320. Let v = o - 42. Is v prime?
False
Suppose 0 = -2*z + 2*b + 2*b + 1262, -4*z - 2*b + 2544 = 0. Is z a prime number?
False
Let c = -896 - -1759. Suppose 2*n - c = -3*q, -2*q + 2*n + 570 = -2*n. Is q a prime number?
False
Let k = -3 + 23. Let z be k/15*3/(-2). Is (34/(-4))/(z/28) composite?
True
Let r(h) = -h**3 - 8*h**2 - 8*h - 6. Let f(w) = -1. Let o(j) = -2*f(j) + r(j). Let d be o(-7). Is (-2 + 1)*(d + -9) a composite number?
True
Suppose 3*c + 42 = -5*x, -x - 20 = 3*x - c. Let b(k) = k**3 + 7*k**2 + k + 7. Is b(x) a composite number?
False
Let f be 1 - 2 - (-2 - -4). Let h be (-3)/(-3)*f*1. Let d(n) = n**3 + 5*n**2 + n + 4. Is d(h) a composite number?
False
Let q(v) = 39*v - 1. Suppose c - 18 = -2*d - 3*d, 14 = c + 4*d. Let u = c - -4. Is q(u) prime?
False
Let k = -8 + 12. Suppose 0 = 3*i - 49 + k. Is i composite?
True
Suppose -7*w = -9*w + 52. Let s = w - -239. Is s a composite number?
True
Let j(l) = -10*l**2 + l. Let n be j(1). Let i = 37 + -15. Let v = i + n. Is v a composite number?
False
Suppose 0 = 5*c - 4*h - 168, 5*h + 1 = -4*c + 160. Is -3*8/c*-21 prime?
False
Let c(s) = 21*s**2 + 5. Is c(-3) a prime number?
False
Let g(f) = f**3 + 7*f**2 + 4*f - 7. Is g(-4) composite?
True
Suppose -2*o + 6360 = 2*t, 3*o - 4*t - 8621 - 940 = 0. Is o a prime number?
False
Let g(t) = -t + 14. Let b be g(11). Suppose -n + w + 52 = 0, -w - 205 = -7*n + b*n. Is n composite?
True
Suppose 5*s - 4057 = 7*u - 4*u, 4*u = -s + 793. Is s a prime number?
True
Suppose 3*d + 2*x + 31 = 0, 4*d + 14 = -4*x - 34. Let i(j) = j + 7. Let o be i(d). Suppose -w - 1 = o, w = p - w - 57. Is p a composite number?
True
Let k be (-3)/(-6) - (-5)/2. Suppose 4*j - 32 = -a + k*j, 0 = -4*a - j + 134. Is a a composite number?
True
Suppose 5*j - d - 3*d - 226 = 0, 4*j - 4*d = 184. Let a = 7 + -5. Suppose -105 = -5*b + 2*i, -3*b + j = a*i + i. Is b a composite number?
False
Let j(t) = -21*t**2 + 2*t - 1. Let x(i) = i**2 + 1. Let o(s) = -j(s) + 4*x(s). Is o(-4) prime?
False
Suppose -5*q + 12 = -q. Suppose -q*h + 8*h - 55 = 0. Is h composite?
False
Let m b